r of s and n?
11
Let x = 233 + -23. What is the greatest common factor of 30 and x?
30
Suppose 5*p + 96 = 476. Suppose -24*i = -535 - 377. What is the greatest common factor of i and p?
38
Suppose 0 = 20*u - 10*u - 70. What is the greatest common factor of u and 7?
7
Let g = 163 + -110. Let d = g - 49. What is the highest common factor of 2 and d?
2
Let y = 50 + -39. Suppose -y*v + 20 = -13. Calculate the highest common divisor of 12 and v.
3
Suppose -u - 2*d - 3 = 0, 9*d = 4*u + 4*d - 40. Suppose 3*c + 249 = 5*c + 5*x, -2*x = u*c - 570. Calculate the highest common factor of c and 14.
14
Let f be (-9)/2*(-52 + -18). Let n(w) = 3*w**2 + 2*w - 1. Let q be n(1). Suppose 0*m = -q*m + 140. Calculate the highest common divisor of f and m.
35
Let s be -1*(7 + 3)/2. Let l(d) = -d**3 - 4*d**2 + 4*d + 9. Let y be l(s). Suppose -2*g - 7 = -3*g. What is the highest common divisor of g and y?
7
Suppose 0 = -n - 2*y + 23 + 66, -6 = -3*y. What is the highest common divisor of 68 and n?
17
Suppose 29*y = 25*y + 8. Let n = 3 + -2. Let j be -34*(y/(-4))/n. Calculate the highest common factor of j and 170.
17
Let u be ((-56)/12)/((-12)/36). Calculate the highest common factor of u and 7.
7
Suppose -2*f = -178 - 662. What is the greatest common factor of 150 and f?
30
Let n be (2/(-4))/(9/18). Let k(g) = -11*g - 2. Let y be k(n). Let q be (22/(-4))/(y/(-54)). Calculate the greatest common factor of q and 33.
33
Let p(n) = -33*n - 34. Let r be p(-16). Let j be r/10 - (-28)/(-70). Calculate the greatest common factor of 49 and j.
49
Suppose -2*u - 8 + 5 = -f, 4*f - 17 = 3*u. Suppose 5*k = k + 20. What is the highest common factor of f and k?
5
Let s = -42 + 384. What is the greatest common factor of s and 38?
38
Let y(z) = 27*z**2 + 7*z - 4. Let p be y(3). What is the greatest common divisor of p and 20?
20
Let q(k) = -9*k - 4. Let i be q(-6). Suppose 0 = 3*j - i + 8. Calculate the highest common factor of 112 and j.
14
Let k(r) = 3*r**2 - r + 1. Let v(u) = -u**2 + 8*u - 2. Let s be v(8). Let f be k(s). Suppose 24 = 3*x + x. Calculate the highest common factor of f and x.
3
Suppose 17*s = 47 - 132. Let k be (0 - -5) + s + 54. Suppose l - 5 + 2 = -h, -5*h - l = -27. What is the greatest common divisor of k and h?
6
Let z(n) = n**3 - 2*n**2 + 2*n. Let g be z(4). Suppose 0 = -5*c + 538 - 498. What is the highest common factor of g and c?
8
Suppose 10 - 2 = 4*i. Suppose -i*m = 4*n - 644, n + 4*n - 806 = -3*m. Suppose -5*g + g + n = 0. Calculate the greatest common factor of 100 and g.
20
Let s be 4/(-28) + 1221/21. Let j be (-3 + -113)*(-15)/12. What is the greatest common divisor of j and s?
29
Let d(q) = -17*q - 85. Let y be d(-13). What is the greatest common factor of 34 and y?
34
Let g be -5 - (-8 + 413)/(-5). Calculate the highest common factor of 1748 and g.
76
Suppose 4*u - 2*u = o - 64, 2*o - 130 = 2*u. Calculate the highest common factor of o and 12.
6
Let z(q) = q**2 + 18*q + 57. Let a be z(-3). What is the highest common factor of 14 and a?
2
Let v(c) = 14*c + 6. Let w be v(1). Suppose 7*y + w = 153. Calculate the highest common divisor of 152 and y.
19
Suppose 0 = -3*u - 5*x + 1094, 0*x + 1457 = 4*u + 5*x. Suppose -6*d - u = -9*d. What is the highest common factor of 11 and d?
11
Let s = -3 + 6. Suppose s*w - 195 = -3*j, -230 = -2*w - 2*w + 2*j. Let t be 0 + (-6)/(-9)*18. What is the highest common factor of t and w?
12
Let g be ((-16)/8)/(-12) - 118/(-12). Calculate the greatest common factor of 40 and g.
10
Suppose 0 = n - 4*n + n. Let o = 0 + 1. Suppose n = -s + o + 4. What is the highest common factor of s and 1?
1
Let f(j) = -j**2 + 7*j. Let o be f(7). Suppose 4*b + 4 = -2*v - o*v, 18 = 5*v - 4*b. Suppose 39 = r + v*r. Calculate the greatest common factor of 117 and r.
13
Suppose t - 14 = -2. Let z = -8 + t. Suppose 4*p = -2*n + 24, n - 2*n - z*p = -12. What is the greatest common factor of n and 48?
12
Let k(u) = u**2 - 5*u - 13. Let g be k(8). Calculate the greatest common divisor of 2167 and g.
11
Suppose i - 2*x - 14 = 0, 0 = -i - 4*i - 3*x + 18. What is the highest common factor of 4 and i?
2
Let q(r) = -25*r - 145. Let o be q(-10). Let b = 22 - -20. Calculate the greatest common factor of o and b.
21
Suppose 6 = -7*c + c. Let a be c*3*134/(-6). Let m = a - 48. Calculate the highest common factor of 209 and m.
19
Let c be -3 - 1 - (1 + -7 + -264). Calculate the greatest common factor of c and 76.
38
Suppose -2*a + 0*a = -3*l + 48, -5*l + 105 = 5*a. Let c be 36/((-18)/(-6)*(-2)/(-27)). What is the highest common factor of c and l?
18
Suppose 0 = -41*g + 53*g - 3348. What is the greatest common factor of g and 36?
9
Suppose -12 = -0*p - p + 3*v, -15 = -2*p + 3*v. Let b = p + 3. What is the highest common divisor of 54 and b?
6
Let b = -106 + 69. Let r = b - -71. What is the greatest common factor of 51 and r?
17
Let p = -991 - -997. Calculate the highest common divisor of 93 and p.
3
Let a = 3 - -1. Let s be a + 18/(-3) + 5. Let p(x) = 2*x**2 - 2*x. Let m be p(3). Calculate the greatest common divisor of m and s.
3
Let l(m) = -22*m**2 + 226*m - 15. Let z be l(10). What is the greatest common divisor of z and 15?
15
Let x = 41 + -5. Calculate the greatest common factor of 168 and x.
12
Suppose -14 = -6*a + 4. Suppose 0*o - o + a = 0. Calculate the highest common divisor of 15 and o.
3
Suppose -85*j - 78 = -98*j. What is the highest common factor of j and 2298?
6
Let h(z) = -z**3 + 92*z**2 - 178*z + 5. Let b be h(90). Suppose -74 = -2*j - 0. What is the highest common divisor of j and b?
37
Suppose -133 - 75 = -13*s. Calculate the highest common divisor of s and 112.
16
Let c be (-6)/21 + (-5044)/(-14). Let j = 13 - 13. Suppose j = -5*d + c - 105. Calculate the greatest common divisor of 34 and d.
17
Suppose 5*a + 5*h - 68 + 38 = 0, -4*a - 3*h = -29. Calculate the greatest common divisor of 539 and a.
11
Suppose 2*z - 8 = 58. What is the highest common factor of z and 11?
11
Suppose 0 = 5*n - 0*n + 3*l - 35, l = -5*n + 25. Calculate the greatest common factor of n and 10.
2
Let b(l) = 14*l**2 - 61*l - 20. Let g be b(5). What is the highest common divisor of g and 4075?
25
Let g be 2/((0 + -2)/2). Let q be ((-22)/33)/(g/60). Calculate the greatest common factor of 140 and q.
20
Let d(s) = -40*s - 401. Let b be d(-17). What is the greatest common divisor of 31 and b?
31
Let m = -2 + 8. Suppose -3*x = -m*x + 78. Calculate the highest common divisor of 65 and x.
13
Let k(z) be the first derivative of 1/4*z**4 - 3 + 0*z**3 + 4*z - 1/2*z**2. Let w be k(3). Calculate the highest common factor of w and 28.
28
Suppose 45*a + 295 = 2950. Calculate the highest common divisor of a and 1593.
59
Suppose -6*n + 60 = -216. Suppose -3*r + 5*r = n. Calculate the highest common factor of 184 and r.
23
Suppose 0 = -u + 5*a + 23, -4*u - 17 = 5*a - 84. Suppose -g = -2*g + u. Suppose l + 9 = 2*l. What is the greatest common factor of g and l?
9
Suppose 80 = -38*o + 48*o. What is the highest common factor of 256 and o?
8
Suppose -4 = -2*k, -4*h + k = -0*h - 46. Let x = -2 + 110. What is the highest common divisor of x and h?
12
Let a(o) be the third derivative of 59*o**5/60 + o**4/24 + 11*o**2. Let h be a(1). Calculate the greatest common divisor of 24 and h.
12
Let x = 165 + -110. Suppose -x = -j - 24. What is the greatest common divisor of 217 and j?
31
Suppose -b - 2 = 5*s - 5*b, -16 = -5*s - 2*b. Let f be (-33)/s*(-70)/15. What is the greatest common factor of 11 and f?
11
Suppose -2*o - n = -276, -3*n = 5*o - 3*o - 272. Let b = o - 119. What is the highest common divisor of 70 and b?
10
Let z be (176/(-6))/(4/(-6)) + 1. Let q(b) = b**3 - 6*b**2 - 13*b - 6. Let k be q(8). Calculate the greatest common divisor of z and k.
9
Let r be ((-200)/30 - -7)*45. Calculate the highest common divisor of r and 945.
15
Suppose -4*v - 42 - 22 = 0. Let x = v + 40. Calculate the highest common divisor of 32 and x.
8
Let x(z) = 30*z**2 - z + 1. Let d be x(1). Suppose -q = -6*q - d. Let n = 24 + q. Calculate the highest common divisor of n and 54.
18
Let w(h) = h**2 - 10*h + 12. Let x be w(9). Suppose -x = -3*u + 6. Suppose 0 = t - 2*y + 6 - 17, 55 = 5*t + u*y. What is the greatest common factor of 44 and t?
11
Let p be (-19)/(-6) + (-5)/30. Suppose 4*j - 136 = -p*b, -5*j - b = -4*b